he prime factors of 250165193.
250165193
What are the prime factors of 2339240790?
2, 3, 5, 77974693
List the prime factors of 731328589.
4987, 146647
What are the prime factors of 43450938?
2, 3, 307, 2621
What are the prime factors of 37061020?
2, 5, 17, 19, 5737
What are the prime factors of 202499549?
7, 19, 1522553
List the prime factors of 1644606135.
3, 5, 36546803
List the prime factors of 14474342.
2, 2383, 3037
What are the prime factors of 62928244?
2, 15732061
What are the prime factors of 483285410?
2, 5, 4651, 10391
List the prime factors of 107576580.
2, 3, 5, 839, 2137
List the prime factors of 42397981.
42397981
List the prime factors of 139262554.
2, 337, 367, 563
List the prime factors of 23856044.
2, 251, 23761
What are the prime factors of 175281203?
17, 10310659
What are the prime factors of 4192898088?
2, 3, 17, 10276711
What are the prime factors of 40276267?
40276267
What are the prime factors of 19146967?
7, 2735281
What are the prime factors of 95273845?
5, 29, 657061
What are the prime factors of 1123766932?
2, 19, 14786407
List the prime factors of 437126573.
13, 587, 57283
List the prime factors of 107572925.
5, 4302917
List the prime factors of 1819373630.
2, 5, 9949, 18287
What are the prime factors of 6300384?
2, 3, 65629
What are the prime factors of 34443570?
2, 3, 5, 7, 23431
List the prime factors of 2786992349.
31, 89902979
What are the prime factors of 462058409?
462058409
What are the prime factors of 53171663?
281, 189223
What are the prime factors of 111111054?
2, 3, 43, 430663
What are the prime factors of 99889859?
19, 5257361
List the prime factors of 33370136.
2, 31, 239, 563
What are the prime factors of 4317421611?
3, 2069, 695573
List the prime factors of 1205958862.
2, 23, 67, 391291
List the prime factors of 487166223.
3, 41, 3960701
List the prime factors of 355898720.
2, 5, 2224367
What are the prime factors of 613660157?
11, 19, 433, 6781
List the prime factors of 3688258317.
3, 1229419439
What are the prime factors of 103146427?
53, 1123, 1733
List the prime factors of 3921909825.
3, 5, 4513, 11587
List the prime factors of 546837969.
3, 4153, 43891
What are the prime factors of 99396611?
99396611
List the prime factors of 244655278.
2, 7, 23, 759799
What are the prime factors of 76746478?
2, 38373239
List the prime factors of 91010083.
6829, 13327
List the prime factors of 115290812.
2, 7, 13, 23, 47, 293
List the prime factors of 289685066.
2, 11, 17, 43, 18013
What are the prime factors of 180610667?
167, 1081501
What are the prime factors of 1160390468?
2, 290097617
What are the prime factors of 28407696?
2, 3, 591827
What are the prime factors of 634433815?
5, 126886763
What are the prime factors of 51997528?
2, 11, 19, 137, 227
What are the prime factors of 1698468?
2, 3, 141539
What are the prime factors of 1477464459?
3, 492488153
List the prime factors of 5268685197.
3, 31, 41, 1381769
List the prime factors of 415061101.
7, 13, 71, 227, 283
List the prime factors of 164208571.
953, 172307
What are the prime factors of 86073618?
2, 3, 17, 37, 22807
List the prime factors of 81948100.
2, 5, 13, 373
List the prime factors of 40527462.
2, 3, 101, 66877
What are the prime factors of 1562359155?
3, 5, 7, 631, 23581
What are the prime factors of 3659645422?
2, 199, 227, 40507
What are the prime factors of 129500701?
11, 233, 50527
List the prime factors of 34513365.
3, 5, 2300891
What are the prime factors of 831076182?
2, 3, 1667, 27697
What are the prime factors of 265479808?
2, 11, 61, 281
List the prime factors of 2759209584.
2, 3, 37, 61, 25469
List the prime factors of 1017824353.
7, 13, 11184883
List the prime factors of 32178256.
2, 11, 1511
What are the prime factors of 8261611?
541, 15271
List the prime factors of 455868167.
455868167
List the prime factors of 374041583.
374041583
What are the prime factors of 409974015?
3, 5, 11, 29, 7789
What are the prime factors of 247161976?
2, 193, 160079
List the prime factors of 55047215.
5, 41, 263, 1021
What are the prime factors of 4908099?
3, 7, 19, 12301
List the prime factors of 1056737604.
2, 3, 13, 6773959
List the prime factors of 357559374.
2, 3, 647, 92107
What are the prime factors of 53789569?
653, 82373
What are the prime factors of 74819443?
151, 641, 773
List the prime factors of 33057400.
2, 5, 165287
What are the prime factors of 60891785?
5, 359, 33923
What are the prime factors of 55076682?
2, 3, 2459, 3733
List the prime factors of 640467438.
2, 3, 13, 8211121
List the prime factors of 117081000.
2, 3, 5, 13009
What are the prime factors of 211642367?
17, 61, 409, 499
List the prime factors of 350938827.
3, 521, 74843
List the prime factors of 110589418.
2, 55294709
What are the prime factors of 3023330818?
2, 23, 65724583
List the prime factors of 103982681.
11, 859361
What are the prime factors of 415693055?
5, 41, 59, 34369
List the prime factors of 1336973506.
2, 11, 587, 103529
List the prime factors of 55245560.
2, 5, 109, 12671
List the prime factors of 689701708.
2, 172425427
What are the prime factors of 27874565?
5, 157, 35509
List the prime factors of 75011694.
2, 3, 23, 43, 12641
List the prime factors of 597698668.
2, 7, 137, 22259
List the prime factors of 806166510.
2, 3, 5, 673, 39929
List the prime factors of 135785683.
11, 163, 75731
What are the prime factors of 180161284?
2, 823, 54727
List the prime factors of 4048126545.
3, 5, 269875103
List the prime factors of 1739470267.
367, 541, 8761
What are the prime factors of 81332721?
3, 3012323
What are the prime factors of 621897175?
5, 43, 578509
List the prime factors of 152581090.
2, 5, 41, 372149
List the prime factors of 113503213.
89, 1069, 1193
List the prime factors of 4518926715.
3, 5, 479, 628939
What are the prime factors of 18299998?
2, 9149999
List the prime factors of 195756232.
2, 7, 3495647
List the prime factors of 4116826.
2, 7, 294059
What are the prime factors of 404366711?
7, 43, 421, 3191
List the prime factors of 273718352.
2, 433, 39509
List the prime factors of 693458053.
693458053
List the prime factors of 57999954.
2, 3, 17, 568627
What are the prime factors of 78506678?
2, 39253339
What are the prime factors of 2941297589?
211, 1123, 12413
What are the prime factors of 459922755?
3, 5, 1613, 19009
List the prime factors of 597096079.
41, 883, 16493
What are the prime factors of 1129404384?
2, 3, 17, 19, 71
What are the prime factors of 112978077?
3, 887, 42457
List the prime factors of 520226288.
2, 32514143
List the prime factors of 571378072.
2, 631, 113189
List the prime factors of 2382678431.
7, 340382633
What are the prime factors of 74206678?
2, 7, 13, 53, 157
List the prime factors of 1907884464.
2, 3, 97, 409769
List the prime factors of 188536860.
2, 3, 5, 41, 59, 433
What are the prime factors of 296205824?
2, 17, 34031
What are the prime factors of 7923711?
3, 2641237
What are the prime factors of 973299348?
2, 3, 7, 183919
What are the prime factors of 49412187?
3, 11, 55457
List the prime factors of 417913842.
2, 3, 131, 137, 3881
What are the prime factors of 9277229756?
2, 31, 383, 195343
List the prime factors of 3372740435.
5, 281, 1213, 1979
What are the prime factors of 131852310?
2, 3, 5, 41, 107197
What are the prime factors of 457210953?
3, 16933739
What are the prime factors of 961473859?
29, 107, 309853
What are the prime factors of 936372686?
2, 6079, 77017
What are the prime factors of 1714856?
2, 11, 13, 1499
List the prime factors of 71658830.
2, 5, 7165883
What are the prime factors of 96862446?
2, 3, 271, 6619
List the prime factors of 3209330515.
5, 113, 5680231
What are the prime factors of 465298535?
5, 13, 1307, 5477
List the prime factors of 281798863.
41, 6873143
What are the prime factors of 166765677?
3, 13, 4276043
What are the prime factors of 13918852?
2, 17, 79, 2591
List the prime factors of 205423431.
3, 68474477
What are the prime factors of 188124301?
19, 937, 10567
What are the prime factors of 140965086?
2, 3, 823, 28547
What are the prime factors of 37123262?
2, 11, 1687421
List the prime factors of 3903702665.
5, 19, 41091607
What are the prime factors of 3273009045?
3, 5, 389, 653, 859
List the prime factors of 711738583.
711738583
What are the prime factors of 1621